 + 195. Calculate the greatest common divisor of 11 and p.
11
Let w(v) = -66*v**2 - 5*v + 2. Let h(x) = -65*x**2 - 4*x + 2. Let u(q) = -4*h(q) + 3*w(q). Let a be u(2). Calculate the highest common divisor of 31 and a.
31
Let a(z) = -13*z**2 + 2*z - 1. Let f be a(1). Let v(y) = -16*y - 27. Let u be v(f). Calculate the greatest common divisor of 15 and u.
15
Let u(g) = -3*g**3 - 37*g**2 - 3*g - 17. Let h be u(-13). What is the greatest common divisor of 18 and h?
18
Suppose v - 8 = 5. Suppose 5*i - 139 = 56. What is the greatest common divisor of i and v?
13
Suppose -3*j + 15 - 15 = 0. Suppose j = 4*k - 8 - 8, f = -2*k + 140. What is the highest common divisor of f and 12?
12
Suppose 0 = l + 2 - 4. Suppose l*r = -r - 573. Let j = 269 + r. What is the greatest common divisor of 52 and j?
26
Suppose -2*x + 1 + 7 = 0. Let k = 7 - 2. Let q be 3/(-15) - (-101)/k. Calculate the highest common divisor of q and x.
4
Suppose a - 14*a = -7436. Calculate the greatest common factor of 52 and a.
52
Suppose -95 = -n + 178. What is the highest common factor of 21 and n?
21
Suppose -6*b - 11 = 13. Let u(c) = -44*c - 13. Let n(k) = -22*k - 6. Let x(s) = 5*n(s) - 2*u(s). Let w be x(b). What is the highest common factor of w and 56?
28
Let c = 2 - -2. Let i(h) = h**3 - 4*h**2 + 5*h. Let b be i(c). Let l = 26 + 24. Calculate the highest common divisor of b and l.
10
Let o be (-6 - -51)/(0 - -1). Suppose 6*d = d + o. Let a be (-216)/30*15/(-2). Calculate the highest common divisor of a and d.
9
Suppose -2*l + 4*t = -16, 18*l - 2*t = 13*l + 32. Let h(b) = 2*b**2 + 1. Let c be h(1). Calculate the highest common divisor of c and l.
3
Let n = 19 + -15. Let d(k) = k - 2. Let v be d(2). Suppose 2*c = -6, 4*i + v*c - n*c = 64. Calculate the highest common factor of i and 91.
13
Let k(g) = -g**3 + 7*g**2 + 8*g + 5. Let z be k(8). Let n be -4 - z/((-20)/12). Let c = n + 37. Calculate the highest common factor of 324 and c.
36
Suppose -4*q + 56 - 36 = 0. Suppose 3*b = -q*f - 20 + 82, -4*f - 4*b = -48. Calculate the highest common divisor of f and 143.
13
Suppose 2*y - 4 + 2 = 0. Let f be y/(-4) - (-74)/8. What is the greatest common factor of f and 45?
9
Suppose -20*l = -2425 - 1975. What is the greatest common divisor of l and 44?
44
Let s = -1 - -9. Suppose 37*i - 1930 = 1918. Calculate the highest common divisor of i and s.
8
Suppose 51*j - 48*j - 360 = 0. Calculate the greatest common divisor of 12 and j.
12
Suppose 4*x - 15 = 3*o + 81, 2*x = -4*o - 106. Let p = -105 + 91. Let i = p - o. What is the greatest common factor of 7 and i?
7
Let r be -1*(-56)/((-4)/(-2)). Suppose 47 = 5*q + 2*w + 2, 0 = 3*q + 4*w - 27. Suppose -20*c = -q*c - 77. Calculate the highest common factor of c and r.
7
Let z be (402/(-2))/(138/(-1334)). What is the highest common factor of z and 58?
29
Let k = 18 - 2. Suppose -2*g + 5*w = 17, 0*g + k = -g + 5*w. Let j = g - -3. What is the highest common divisor of j and 10?
2
Let p(k) = 47*k**2 + 2. Let t be p(-2). Let h = -130 + t. Calculate the greatest common factor of 20 and h.
20
Suppose 3*t = -4 + 19. Suppose -4*i - 16 = -v, t*v - 5*i = 4*v + 19. Let p be v/10 - 2007/(-45). Calculate the greatest common factor of p and 9.
9
Suppose v + 3*c - 75 = 0, 172*c - 176*c = 20. Calculate the highest common factor of v and 390.
30
Let t(o) = -3*o + 10. Let z be t(-6). Calculate the highest common factor of 266 and z.
14
Let l(k) = k**3 + 10*k**2 + 4. Suppose 5*x + 0 = -50. Let q be l(x). Suppose -17 - q = -3*y. Calculate the greatest common divisor of y and 42.
7
Let u be -61 + 65 + ((-552)/(-2) - 1). What is the greatest common factor of 9 and u?
9
Suppose -j + 4*j + 12 = -3*m, 15 = -5*m - 4*j. Let i be -63*m/(-5) - 58/(-145). Calculate the highest common divisor of 52 and i.
13
Let v(q) = q**2 - q + 24. Let g be v(7). Calculate the highest common divisor of 165 and g.
33
Suppose 286*s + 300 = 296*s. What is the highest common divisor of 30 and s?
30
Let w be 4/(-60) - 3025/(-375). Calculate the greatest common divisor of 2456 and w.
8
Suppose -397 = -3*t - 2*z, 2*z - 1 = 3*z. Let l(f) = f**2 + 63*f + 19. Let d be l(-63). Calculate the highest common divisor of t and d.
19
Let u be 32/12*6/(-4). Let p(n) = -n - 23. Let m be p(-22). Let d = m - u. Calculate the highest common divisor of d and 1.
1
Let x(o) = -6*o**2 + 122*o - 45. Let v be x(19). Calculate the highest common divisor of v and 1.
1
Suppose -8*j - 10 - 6 = 0. Let y = j - -16. What is the highest common divisor of y and 35?
7
Let b be 13 + -2 + 3 - 2. Let x(a) = a**2 - 9*a - 15. Let v be x(11). Suppose -c = -2, -39 = -2*q - 5*c + v. Calculate the highest common factor of b and q.
6
Let r = -7 + 11. Suppose 5*q + r*a - 255 = -a, 3*q + a = 147. Calculate the greatest common divisor of 48 and q.
48
Let v be (-8)/16 - (2 - 76/8). Suppose g - 315 = -4*g. Calculate the highest common divisor of v and g.
7
Let p be ((-18)/5)/(2/(-25)). Let a = p + -30. What is the highest common divisor of a and 45?
15
Let r be (-15)/(-18) - (-1805)/30. Calculate the greatest common factor of r and 183.
61
Let g(k) = k**3 + 3*k**2 - 27*k - 37. Let u be g(-6). What is the highest common factor of u and 51?
17
Let a be (-10)/(5 + -15) - (-13 + 0). What is the highest common factor of 28 and a?
14
Suppose 3*t - 19 = i, 0 = -3*i + t - 2 - 15. Let p be (5/((-5)/i))/((-42)/(-63)). What is the greatest common divisor of 4 and p?
2
Suppose -178 = 3*x - 2*q, 0 = 5*x - 2*x + 2*q + 158. Let c be (x/35)/(2/(-70)). Let r be 0/(-1) + -4 + 12. Calculate the greatest common divisor of c and r.
8
Let j be (-26)/(-10) - 2/(-5). Let z = 5 + j. Suppose -v = -5*v + z. Calculate the greatest common divisor of v and 22.
2
Let y(g) = -g**3 - 8*g**2 - g - 10. Let r be y(-7). Let b = -50 - r. Calculate the greatest common divisor of 26 and b.
2
Let z be 1 - 42/(2*-1). Let p = z + 5. Suppose 2*b + 244 = 352. What is the greatest common divisor of b and p?
27
Let b = -72 - -130. Suppose -2*l + b = 16. Let p be 22/(-55) - (-185)/25. What is the highest common factor of l and p?
7
Suppose 33*t - 32*t = 3*u - 228, -294 = -4*u - 2*t. What is the greatest common factor of 100 and u?
25
Suppose -16 = -6*r - 4. Suppose -r*c + 2 = -18. Calculate the highest common divisor of c and 10.
10
Let w = 5 - 6. Let a be 2 + w - (5 - 7). Suppose 0 = n + 2*r + 2*r + 3, 0 = -a*n + 4*r + 55. What is the greatest common divisor of n and 104?
13
Let u = 331 + -271. Calculate the highest common divisor of u and 12.
12
Let p be (-1)/((-129)/33 - -4). Let k = 11 + p. Let d be -2 + -2 + k - -35. What is the highest common divisor of d and 31?
31
Suppose -4*z - 5*k = -260, -202 = 5*z + k - 527. Let n be 1287/z - 2/(-10). Let x be 3/9 - 42/(-9). Calculate the highest common divisor of x and n.
5
Suppose -z - 3 = -39. Suppose x - z = -x. Let n = 13 - -149. Calculate the highest common factor of n and x.
18
Suppose -5*y + 62 = -3. Suppose 4*q + 27 = -y. Let a(x) = x**3 + 9*x**2 - 12*x - 3. Let b be a(q). What is the highest common divisor of 136 and b?
17
Let m(l) = 2*l**3 + 12*l**2 + 11. Suppose 7*a - 10*a = 18. Let y be m(a). Calculate the highest common divisor of y and 44.
11
Suppose -78*h = -80*h + 10. Calculate the greatest common factor of h and 5.
5
Suppose 131*g - 240 = 128*g. Calculate the greatest common factor of 64 and g.
16
Let i = -263 + 343. Calculate the highest common divisor of 240 and i.
80
Suppose -5*g + 8 = -22. Let p(m) = m - 1. Let w be p(g). Let l = -6 - -46. Calculate the greatest common divisor of w and l.
5
Let i be 3/((-24)/(-788)) - (-4)/8. Let z be 22/(-3) + 5/15. Let f = z - -16. Calculate the highest common factor of i and f.
9
Suppose 0 = 6*i - i - 15. Let z(o) = o + 4 - o**i + 3*o**2 - 11 - 6*o + 2*o. Let c be z(-3). What is the greatest common divisor of c and 84?
28
Suppose 4*t + 5*q - 3240 = 0, -4*q - 3240 = -70*t + 66*t. Calculate the highest common factor of 108 and t.
54
Let l(j) = 6*j**2 - 29*j - 80. Let b be l(8). Calculate the highest common divisor of b and 384.
24
Suppose 24*s = 1172 + 772. Let a(w) = 5 - 3*w + 2*w**2 + 3*w - 7*w + 0*w**2. Let f be a(4). What is the highest common factor of f and s?
9
Let y(n) = -10*n + 18. Let t = -82 - -74. Let x be y(t). Let w(p) = -p**3 - p**2 + 14. Let l be w(0). Calculate the greatest 